{"id":974,"date":"2024-08-22T12:15:46","date_gmt":"2024-08-22T10:15:46","guid":{"rendered":"https:\/\/bertha-von-suttner-stiftung.de\/?page_id=974"},"modified":"2024-08-27T11:18:21","modified_gmt":"2024-08-27T09:18:21","slug":"elementor-974","status":"publish","type":"page","link":"https:\/\/bertha-von-suttner-stiftung.de\/?page_id=974","title":{"rendered":"Suttner in die Walhalla"},"content":{"rendered":"\t\t<div data-elementor-type=\"wp-page\" data-elementor-id=\"974\" class=\"elementor elementor-974\">\n\t\t\t\t\t\t<section class=\"elementor-section elementor-top-section elementor-element elementor-element-469030c elementor-section-boxed elementor-section-height-default elementor-section-height-default\" data-id=\"469030c\" data-element_type=\"section\">\n\t\t\t\t\t\t<div class=\"elementor-container elementor-column-gap-default\">\n\t\t\t\t\t<div class=\"elementor-column elementor-col-100 elementor-top-column elementor-element elementor-element-ccd1fad\" data-id=\"ccd1fad\" data-element_type=\"column\">\n\t\t\t<div class=\"elementor-widget-wrap\">\n\t\t\t\t\t\t\t<\/div>\n\t\t<\/div>\n\t\t\t\t\t<\/div>\n\t\t<\/section>\n\t\t\t\t<section class=\"elementor-section elementor-top-section elementor-element elementor-element-390eb50 elementor-section-boxed elementor-section-height-default elementor-section-height-default\" data-id=\"390eb50\" data-element_type=\"section\">\n\t\t\t\t\t\t<div class=\"elementor-container elementor-column-gap-default\">\n\t\t\t\t\t<div class=\"elementor-column elementor-col-100 elementor-top-column elementor-element elementor-element-0357835\" data-id=\"0357835\" data-element_type=\"column\">\n\t\t\t<div class=\"elementor-widget-wrap elementor-element-populated\">\n\t\t\t\t\t\t<div class=\"elementor-element elementor-element-0dc3a85 elementor-widget elementor-widget-heading\" data-id=\"0dc3a85\" data-element_type=\"widget\" data-widget_type=\"heading.default\">\n\t\t\t\t<div class=\"elementor-widget-container\">\n\t\t\t\t\t<h2 class=\"elementor-heading-title elementor-size-default\">Bertha von Suttner in die Walhalla<\/h2>\t\t\t\t<\/div>\n\t\t\t\t<\/div>\n\t\t\t\t<div class=\"elementor-element elementor-element-2efaa38 elementor-widget elementor-widget-heading\" data-id=\"2efaa38\" data-element_type=\"widget\" data-widget_type=\"heading.default\">\n\t\t\t\t<div class=\"elementor-widget-container\">\n\t\t\t\t\t<h3 class=\"elementor-heading-title elementor-size-default\">Projekt zur Ehrung von Bertha von Suttner 2024<\/h3>\t\t\t\t<\/div>\n\t\t\t\t<\/div>\n\t\t\t\t<section class=\"elementor-section elementor-inner-section elementor-element elementor-element-cd31b64 elementor-section-boxed elementor-section-height-default elementor-section-height-default\" data-id=\"cd31b64\" data-element_type=\"section\">\n\t\t\t\t\t\t<div class=\"elementor-container elementor-column-gap-default\">\n\t\t\t\t\t<div class=\"elementor-column elementor-col-50 elementor-inner-column elementor-element elementor-element-9df5253\" data-id=\"9df5253\" data-element_type=\"column\">\n\t\t\t<div class=\"elementor-widget-wrap elementor-element-populated\">\n\t\t\t\t\t\t<div class=\"elementor-element elementor-element-43daf4d elementor-widget__width-initial elementor-widget elementor-widget-image\" data-id=\"43daf4d\" data-element_type=\"widget\" data-widget_type=\"image.default\">\n\t\t\t\t<div class=\"elementor-widget-container\">\n\t\t\t\t\t\t\t\t\t\t\t\t<figure class=\"wp-caption\">\n\t\t\t\t\t\t\t\t\t\t<img decoding=\"async\" src=\"https:\/\/bertha-von-suttner-stiftung.de\/wp-content\/uploads\/2024\/08\/FFT24-Willi-193-Mittel.jpg\" title=\"Suttner in die Walhalla\" alt=\"Ein Bildnis von Bertha von Suttner wird auf den Stufen der Walhalla hochgetragen.  Vorne links der Tourenleiter Werner Mesnaric.\" loading=\"lazy\" \/>\t\t\t\t\t\t\t\t\t\t\t<figcaption class=\"widget-image-caption wp-caption-text\">Ein Bildnis von Bertha von Suttner wird auf den Stufen der Walhalla hochgetragen.  Vorne links der Tourenleiter Werner Mesnaric. <\/figcaption>\n\t\t\t\t\t\t\t\t\t\t<\/figure>\n\t\t\t\t\t\t\t\t\t<\/div>\n\t\t\t\t<\/div>\n\t\t\t\t\t<\/div>\n\t\t<\/div>\n\t\t\t\t<div class=\"elementor-column elementor-col-50 elementor-inner-column elementor-element elementor-element-ebfdcec\" data-id=\"ebfdcec\" data-element_type=\"column\">\n\t\t\t<div class=\"elementor-widget-wrap elementor-element-populated\">\n\t\t\t\t\t\t<div class=\"elementor-element elementor-element-d2aaf3c elementor-widget elementor-widget-text-editor\" data-id=\"d2aaf3c\" data-element_type=\"widget\" data-widget_type=\"text-editor.default\">\n\t\t\t\t<div class=\"elementor-widget-container\">\n\t\t\t\t\t\t\t\t\t<p>In der Erinnerungshalle f\u00fcr verdiente Pers\u00f6nlichkeiten des deutschsprachigen Raums, umgangssprachlich &#8222;Walhalla&#8220; genannt, in Donaustauf, Bayern, sind immer noch nur sehr wenige Frauen und verh\u00e4ltnism\u00e4ssig viele aktive Kriegsbef\u00fcrworter mit einer B\u00fcste geehrt. Seit einigen Jahren jedoch ver\u00e4ndert sich etwas. Da 2024 erneut \u00fcber m\u00f6gliche Ehrungen in der Walhalla beraten werden wird, unterst\u00fctzen wir die Idee: <b>Bertha von Suttner in die Walhalla<\/b><\/p>\t\t\t\t\t\t\t\t<\/div>\n\t\t\t\t<\/div>\n\t\t\t\t\t<\/div>\n\t\t<\/div>\n\t\t\t\t\t<\/div>\n\t\t<\/section>\n\t\t\t\t<div class=\"elementor-element elementor-element-8610f2c elementor-widget elementor-widget-heading\" data-id=\"8610f2c\" data-element_type=\"widget\" data-widget_type=\"heading.default\">\n\t\t\t\t<div class=\"elementor-widget-container\">\n\t\t\t\t\t<h3 class=\"elementor-heading-title elementor-size-default\">Beginn des Projektes: Friedensfahrradtour Bayern 2024<\/h3>\t\t\t\t<\/div>\n\t\t\t\t<\/div>\n\t\t\t\t<div class=\"elementor-element elementor-element-18c901d elementor-widget elementor-widget-text-editor\" data-id=\"18c901d\" data-element_type=\"widget\" data-widget_type=\"text-editor.default\">\n\t\t\t\t<div class=\"elementor-widget-container\">\n\t\t\t\t\t\t\t\t\t<div><p>Im Rahmen der Friedensfahrradtour des bayrischen Landesverbandes der DFG-VK wurde auch an der Walhalla ein Zwischenstop eingelegt. Die Aktivist*innen trugen Bertha von Suttner sinnbildlich als Plakat &#8222;in die Walhalla&#8220; und wurden daran nur von der Security gehindert. Doch die Fahrradfahrenden lie\u00dfen verlautbaren: Suttner in die Walhalla.<\/p><\/div><div><a href=\"https:\/\/bertha-von-suttner-stiftung.de\/wp-content\/uploads\/2024\/08\/240813_PM-Bayern-Walhalla.pdf\" target=\"_blank\" rel=\"noopener\">Hier die Pressemitteilung der Fahrradfahrenden<\/a><\/div><div>\u00a0<\/div><div><a href=\"https:\/\/bertha-von-suttner-stiftung.de\/wp-content\/uploads\/2024\/08\/240809_Rede-BvSS__Suttner-Walhalla.pdf\" target=\"_blank\" rel=\"noopener\">Hier die Rede des Stiftungsratsvorsitzenden der Bertha-von-Suttner-Stiftung der DFG-VK<\/a><\/div><p><a href=\"https:\/\/www.oberpfalzecho.de\/beitrag\/friedensfahrradtour-fordert-suttners-walhalla-ehrung\" target=\"_blank\" rel=\"noopener\">Hier geht es zur Presseberichterstattung zur Aktion in Donaustauf<\/a><\/p>\t\t\t\t\t\t\t\t<\/div>\n\t\t\t\t<\/div>\n\t\t\t\t<div class=\"elementor-element elementor-element-49c6d4c elementor-widget elementor-widget-heading\" data-id=\"49c6d4c\" data-element_type=\"widget\" data-widget_type=\"heading.default\">\n\t\t\t\t<div class=\"elementor-widget-container\">\n\t\t\t\t\t<h3 class=\"elementor-heading-title elementor-size-default\">N\u00e4chste Schritte<\/h3>\t\t\t\t<\/div>\n\t\t\t\t<\/div>\n\t\t\t\t<div class=\"elementor-element elementor-element-80b4bf1 elementor-widget elementor-widget-text-editor\" data-id=\"80b4bf1\" data-element_type=\"widget\" data-widget_type=\"text-editor.default\">\n\t\t\t\t<div class=\"elementor-widget-container\">\n\t\t\t\t\t\t\t\t\t<div><p>Es werden nun weitere Friedensorganisationen, Politiker*innen, sowie Bertha-von-Suttner-Schulen kontaktiert werden, um gemeinsam daran zu arbeiten, dass der Versuch erfolgreich sein wird, Bertha von Suttner in der Walhalla zu ehren &#8211; stellvertretend f\u00fcr eine alternative Zeitenwende, f\u00fcr einen gelebten politischen Pazifismus und f\u00fcr die vielen, oft unbekannten Friedensfrauen der vergangenen Jahrhunderte.<\/p><p><b>Updates werden folgen<\/b><\/p><\/div>\t\t\t\t\t\t\t\t<\/div>\n\t\t\t\t<\/div>\n\t\t\t\t\t<\/div>\n\t\t<\/div>\n\t\t\t\t\t<\/div>\n\t\t<\/section>\n\t\t\t\t<\/div>\n\t\t","protected":false},"excerpt":{"rendered":"<p>Bertha von Suttner in die Walhalla Projekt zur Ehrung von Bertha von Suttner 2024 Ein Bildnis von Bertha von Suttner wird auf den Stufen der [&#8230;]<\/p>\n","protected":false},"author":2,"featured_media":0,"parent":0,"menu_order":0,"comment_status":"closed","ping_status":"closed","template":"","meta":{"footnotes":""},"class_list":["post-974","page","type-page","status-publish","hentry"],"_links":{"self":[{"href":"https:\/\/bertha-von-suttner-stiftung.de\/index.php?rest_route=\/wp\/v2\/pages\/974","targetHints":{"allow":["GET"]}}],"collection":[{"href":"https:\/\/bertha-von-suttner-stiftung.de\/index.php?rest_route=\/wp\/v2\/pages"}],"about":[{"href":"https:\/\/bertha-von-suttner-stiftung.de\/index.php?rest_route=\/wp\/v2\/types\/page"}],"author":[{"embeddable":true,"href":"https:\/\/bertha-von-suttner-stiftung.de\/index.php?rest_route=\/wp\/v2\/users\/2"}],"replies":[{"embeddable":true,"href":"https:\/\/bertha-von-suttner-stiftung.de\/index.php?rest_route=%2Fwp%2Fv2%2Fcomments&post=974"}],"version-history":[{"count":21,"href":"https:\/\/bertha-von-suttner-stiftung.de\/index.php?rest_route=\/wp\/v2\/pages\/974\/revisions"}],"predecessor-version":[{"id":1008,"href":"https:\/\/bertha-von-suttner-stiftung.de\/index.php?rest_route=\/wp\/v2\/pages\/974\/revisions\/1008"}],"wp:attachment":[{"href":"https:\/\/bertha-von-suttner-stiftung.de\/index.php?rest_route=%2Fwp%2Fv2%2Fmedia&parent=974"}],"curies":[{"name":"wp","href":"https:\/\/api.w.org\/{rel}","templated":true}]}}

<div data-elementor-type="wp-page" data-elementor-id="974" class="elementor elementor-974">
						<section class="elementor-section elementor-top-section elementor-element elementor-element-469030c elementor-section-boxed elementor-section-height-default elementor-section-height-default" data-id="469030c" data-element_type="section">
						<div class="elementor-container elementor-column-gap-default">
					<div class="elementor-column elementor-col-100 elementor-top-column elementor-element elementor-element-ccd1fad" data-id="ccd1fad" data-element_type="column">
			<div class="elementor-widget-wrap">
							</div>
		</div>
					</div>
		</section>
				<section class="elementor-section elementor-top-section elementor-element elementor-element-390eb50 elementor-section-boxed elementor-section-height-default elementor-section-height-default" data-id="390eb50" data-element_type="section">
						<div class="elementor-container elementor-column-gap-default">
					<div class="elementor-column elementor-col-100 elementor-top-column elementor-element elementor-element-0357835" data-id="0357835" data-element_type="column">
			<div class="elementor-widget-wrap elementor-element-populated">
						<div class="elementor-element elementor-element-0dc3a85 elementor-widget elementor-widget-heading" data-id="0dc3a85" data-element_type="widget" data-widget_type="heading.default">
				<div class="elementor-widget-container">
					<h2 class="elementor-heading-title elementor-size-default">Bertha von Suttner in die Walhalla</h2>				</div>
				</div>
				<div class="elementor-element elementor-element-2efaa38 elementor-widget elementor-widget-heading" data-id="2efaa38" data-element_type="widget" data-widget_type="heading.default">
				<div class="elementor-widget-container">
					<h3 class="elementor-heading-title elementor-size-default">Projekt zur Ehrung von Bertha von Suttner 2024</h3>				</div>
				</div>
				<section class="elementor-section elementor-inner-section elementor-element elementor-element-cd31b64 elementor-section-boxed elementor-section-height-default elementor-section-height-default" data-id="cd31b64" data-element_type="section">
						<div class="elementor-container elementor-column-gap-default">
					<div class="elementor-column elementor-col-50 elementor-inner-column elementor-element elementor-element-9df5253" data-id="9df5253" data-element_type="column">
			<div class="elementor-widget-wrap elementor-element-populated">
						<div class="elementor-element elementor-element-43daf4d elementor-widget__width-initial elementor-widget elementor-widget-image" data-id="43daf4d" data-element_type="widget" data-widget_type="image.default">
				<div class="elementor-widget-container">
												<figure class="wp-caption">
										<img decoding="async" src="https://bertha-von-suttner-stiftung.de/wp-content/uploads/2024/08/FFT24-Willi-193-Mittel.jpg" title="Suttner in die Walhalla" alt="Ein Bildnis von Bertha von Suttner wird auf den Stufen der Walhalla hochgetragen.  Vorne links der Tourenleiter Werner Mesnaric." loading="lazy" />											<figcaption class="widget-image-caption wp-caption-text">Ein Bildnis von Bertha von Suttner wird auf den Stufen der Walhalla hochgetragen.  Vorne links der Tourenleiter Werner Mesnaric. </figcaption>
										</figure>
									</div>
				</div>
					</div>
		</div>
				<div class="elementor-column elementor-col-50 elementor-inner-column elementor-element elementor-element-ebfdcec" data-id="ebfdcec" data-element_type="column">
			<div class="elementor-widget-wrap elementor-element-populated">
						<div class="elementor-element elementor-element-d2aaf3c elementor-widget elementor-widget-text-editor" data-id="d2aaf3c" data-element_type="widget" data-widget_type="text-editor.default">
				<div class="elementor-widget-container">
									<p>In der Erinnerungshalle für verdiente Persönlichkeiten des deutschsprachigen Raums, umgangssprachlich &#8222;Walhalla&#8220; genannt, in Donaustauf, Bayern, sind immer noch nur sehr wenige Frauen und verhältnismässig viele aktive Kriegsbefürworter mit einer Büste geehrt. Seit einigen Jahren jedoch verändert sich etwas. Da 2024 erneut über mögliche Ehrungen in der Walhalla beraten werden wird, unterstützen wir die Idee: <b>Bertha von Suttner in die Walhalla</b></p>								</div>
				</div>
					</div>
		</div>
					</div>
		</section>
				<div class="elementor-element elementor-element-8610f2c elementor-widget elementor-widget-heading" data-id="8610f2c" data-element_type="widget" data-widget_type="heading.default">
				<div class="elementor-widget-container">
					<h3 class="elementor-heading-title elementor-size-default">Beginn des Projektes: Friedensfahrradtour Bayern 2024</h3>				</div>
				</div>
				<div class="elementor-element elementor-element-18c901d elementor-widget elementor-widget-text-editor" data-id="18c901d" data-element_type="widget" data-widget_type="text-editor.default">
				<div class="elementor-widget-container">
									<div><p>Im Rahmen der Friedensfahrradtour des bayrischen Landesverbandes der DFG-VK wurde auch an der Walhalla ein Zwischenstop eingelegt. Die Aktivist*innen trugen Bertha von Suttner sinnbildlich als Plakat &#8222;in die Walhalla&#8220; und wurden daran nur von der Security gehindert. Doch die Fahrradfahrenden ließen verlautbaren: Suttner in die Walhalla.</p></div><div><a href="https://bertha-von-suttner-stiftung.de/wp-content/uploads/2024/08/240813_PM-Bayern-Walhalla.pdf" target="_blank" rel="noopener">Hier die Pressemitteilung der Fahrradfahrenden</a></div><div> </div><div><a href="https://bertha-von-suttner-stiftung.de/wp-content/uploads/2024/08/240809_Rede-BvSS__Suttner-Walhalla.pdf" target="_blank" rel="noopener">Hier die Rede des Stiftungsratsvorsitzenden der Bertha-von-Suttner-Stiftung der DFG-VK</a></div><p><a href="https://www.oberpfalzecho.de/beitrag/friedensfahrradtour-fordert-suttners-walhalla-ehrung" target="_blank" rel="noopener">Hier geht es zur Presseberichterstattung zur Aktion in Donaustauf</a></p>								</div>
				</div>
				<div class="elementor-element elementor-element-49c6d4c elementor-widget elementor-widget-heading" data-id="49c6d4c" data-element_type="widget" data-widget_type="heading.default">
				<div class="elementor-widget-container">
					<h3 class="elementor-heading-title elementor-size-default">Nächste Schritte</h3>				</div>
				</div>
				<div class="elementor-element elementor-element-80b4bf1 elementor-widget elementor-widget-text-editor" data-id="80b4bf1" data-element_type="widget" data-widget_type="text-editor.default">
				<div class="elementor-widget-container">
									<div><p>Es werden nun weitere Friedensorganisationen, Politiker*innen, sowie Bertha-von-Suttner-Schulen kontaktiert werden, um gemeinsam daran zu arbeiten, dass der Versuch erfolgreich sein wird, Bertha von Suttner in der Walhalla zu ehren &#8211; stellvertretend für eine alternative Zeitenwende, für einen gelebten politischen Pazifismus und für die vielen, oft unbekannten Friedensfrauen der vergangenen Jahrhunderte.</p><p><b>Updates werden folgen</b></p></div>								</div>
				</div>
					</div>
		</div>
					</div>
		</section>
				</div>
